 2 and i.
2
Let d = 118 - 110. What is the greatest common divisor of d and 28?
4
Suppose 0 = -b + 4*b - 84. Let x = 113 + -85. Calculate the highest common divisor of b and x.
28
Suppose -2188 = -4*a - 648. What is the greatest common factor of a and 35?
35
Let y(p) = -p**3 - 48. Let t be y(0). Suppose 3*l + 15 = -3*g, l + l + 11 = -3*g. Let o be (22/l)/(8/t). Calculate the greatest common divisor of 11 and o.
11
Suppose -3*c = -c - 2*g - 68, -2*c + 3*g + 72 = 0. What is the highest common factor of 330 and c?
30
Let b(p) be the first derivative of p**3 + 4*p + 3. Let a be b(-6). What is the highest common divisor of a and 16?
16
Let m(q) = -q**3 - q**2 + 2*q - 1. Let g be m(-3). Suppose 4*p - 132 = p. What is the greatest common factor of g and p?
11
Let h = 47 + -11. Let z = 6 - 4. Suppose 0 = -y - z*y + h. What is the highest common factor of 60 and y?
12
Let i be (-3)/(-5) + 1204/10. Calculate the greatest common divisor of 11 and i.
11
Let x(r) = -5*r + 6. Let z(u) = -u + 1. Let l(v) = -x(v) + 4*z(v). Let w be l(9). What is the highest common divisor of w and 7?
7
Suppose -5*d - 9 + 104 = w, 29 = 3*d - 5*w. Calculate the greatest common divisor of 18 and d.
18
Suppose -4*w + 51 = -w. Suppose -3*i - 159 = -p, -124*i + 123*i + 304 = 2*p. What is the highest common divisor of p and w?
17
Let f = -76 + 141. Let p(q) = -20*q**2 - 1. Let x be p(1). Let k = 5 - x. What is the greatest common factor of k and f?
13
Suppose d - 10 = -d. Suppose 0 = 4*h - 23 - 57. What is the highest common factor of d and h?
5
Let s be (-46)/(-3) - 4/(-6). Suppose -4*p + 2*g = -262, p - g = 4*g + 79. Calculate the highest common factor of p and s.
16
Let a = -19 + 31. What is the highest common divisor of a and 60?
12
Let z(s) = -s**3 + 5*s**2 + s - 5. Let t be ((-2)/6)/((-3)/45). Let b be z(t). Suppose b = -y + 36 + 15. What is the greatest common factor of y and 17?
17
Let h be (-1)/((-2)/(-2)) + 7. Suppose 0 = -x, d + 4*x = 3*d - 6. What is the greatest common divisor of d and h?
3
Let z(c) = -c**2 - 6*c - 6. Let m be z(-5). Let i be (m/(-4) + -3)*-4. What is the greatest common divisor of 66 and i?
11
Let v be 18/(-4)*4/6. Let w be 3*(-3 + (-18)/v). Suppose -2*q - 7 = 2*b - 61, -2*b + 5*q + 54 = 0. Calculate the greatest common factor of b and w.
9
Let u = 42 - -44. Let b = -141 + u. Let o = b - -87. What is the highest common divisor of o and 4?
4
Let v(k) = -k**2 - 11*k + 19. Let c be v(-12). Calculate the highest common divisor of c and 133.
7
Let y = -7 - -3. Let w be ((-6)/y)/((-2)/(-4)). Suppose 2*p + 21 = 5*l, 0 = -5*p - 4*l - 3 + 33. What is the greatest common divisor of p and w?
1
Let i be -6*(-6)/27*6. Let p be (i/(-6))/(1/(-27)). What is the highest common factor of p and 18?
18
Let f(q) = -q + 75. Let o be f(33). Calculate the highest common divisor of o and 14.
14
Let q = -154 + 502. Let r = 816 - q. Suppose -4*p - 28 + r = 0. What is the highest common factor of 10 and p?
10
Let g(d) = d**3 - 6*d**2 + 4*d + 2. Let h be g(5). Let x = -32 - h. Let n = x + 55. What is the highest common divisor of n and 65?
13
Let h = 10 + -3. Let j be (17 - 1) + (4 - h). What is the greatest common divisor of j and 13?
13
Suppose -5*i = -3*t - 13, t + 4 = -3*t. Suppose 0 = -2*a + 4*w + 5 + 23, i = -w. Suppose -7*n + 2*n + 150 = 0. Calculate the greatest common factor of n and a.
10
Let b = 142 - 109. Calculate the greatest common divisor of 6 and b.
3
Let d be (0 - (1 + 2))*-33. Let f be 1 - 0 - 2 - -10. Calculate the highest common divisor of d and f.
9
Let j(p) = -p**3 - 9*p**2 - 10*p + 12. Let h be j(-8). Calculate the greatest common factor of h and 28.
28
Let p = 5 + -2. Let v be 9 + 3 + (3 - 3)/1. Calculate the greatest common factor of v and p.
3
Let m(z) = -z**3 - 15*z**2 + 1. Let b be m(-15). Let t be (-72)/(2 + -2 - b). Calculate the greatest common divisor of t and 24.
24
Let t be 6 + -5 - (-1 + -2). Suppose 0 = u - t*u. Let o be -6*(4/(-3) - u). Calculate the greatest common divisor of o and 2.
2
Let l = -22 - -32. Suppose 6*b - l = 4*b. Let o = 6 + -4. Calculate the greatest common divisor of o and b.
1
Let a(k) = 2*k**2 + 65 - 6*k - 65. Let s be a(5). Calculate the greatest common factor of s and 8.
4
Let f = -22 + 28. Let q be (-9)/(-4) + 1/(-4). What is the greatest common divisor of q and f?
2
Suppose -2*b = -2*n + b + 15, n - 4*b = 0. Let f = -21 - -39. Calculate the highest common divisor of n and f.
6
Let t be 0 + 0 + (-2 - -2). Suppose -4*o + 49 = -c + 12, t = -2*o - 4*c + 32. Let u be 3/6 + o/4. What is the highest common factor of u and 1?
1
Suppose 2*h = h + 18. Suppose -4*i + 360 = -0*i. Calculate the greatest common factor of i and h.
18
Let i = 1 + 0. Let c = 3 - i. Suppose -4*p - 4*k + 92 = k, -c*p + k + 32 = 0. Calculate the greatest common divisor of 198 and p.
18
Let j(k) = -k**3 - 6*k**2 - 3*k - 8. Let w be j(-6). Calculate the greatest common factor of w and 6.
2
Let b(a) = a + 9. Let g be b(-5). Suppose -3*o - 2*m + 15 = 0, g*m - 5 = -17. Calculate the highest common divisor of 56 and o.
7
Let g = 13 - -8. Let m be (1/1)/((-1)/3). Let q(p) = 2*p**2 + 5*p + 4. Let y be q(m). What is the highest common factor of y and g?
7
Suppose -6*y = -14 + 194. Let l = 42 + y. Calculate the greatest common factor of l and 30.
6
Suppose -5*w + 2*k = 4*k - 19, 3*k - 3 = w. Suppose 4*i = 4*m - 0*i - 28, -i - 16 = -4*m. What is the greatest common factor of m and w?
3
Let t = 218 + -142. Calculate the greatest common divisor of 19 and t.
19
Suppose 2*n = n + 7. Calculate the greatest common divisor of 21 and n.
7
Let z = -7 + 1. Let i = 9 - z. Suppose -2*k + i = -k. What is the highest common factor of 10 and k?
5
Let x(b) = b**3 - 5*b**2 + 2*b - 7. Let r be x(5). Let l be -25*r*12/(-9). Suppose l = -0*v + 5*v. Calculate the greatest common divisor of v and 50.
10
Let z be (18/10)/((-1)/(-5)). Let o be (-10)/15*z/(-2). What is the highest common divisor of 3 and o?
3
Suppose -5*c + 111 = 4*n - 5, 0 = c - 4. What is the greatest common factor of 36 and n?
12
Suppose 5*i - u = 50, -2*i - 3*i + 60 = u. Calculate the greatest common factor of i and 88.
11
Suppose -105 = -3*b + 5*f, 3*b + 5*f - 105 = -0*f. Suppose -b - 37 = -3*m. Calculate the greatest common factor of m and 6.
6
Let j = 306 - 122. Suppose 6*i - 4*i = -4*w + j, w - 296 = -3*i. Calculate the greatest common factor of 40 and i.
20
Suppose 6 = 4*t + 30. Let w be (4/t)/((-2)/63). Calculate the highest common divisor of 3 and w.
3
Let h(l) = l + 6. Let g be h(-5). Let f be (17 - g)*(-52)/(-4). Suppose u = -u + f. What is the highest common factor of u and 13?
13
Let i(m) = -4*m + 4. Let r be i(-3). Calculate the highest common factor of r and 8.
8
Let l = 5 - 1. Suppose -2*y = -4*z + y + 177, -4*z - l*y = -156. What is the greatest common divisor of 28 and z?
14
Let z(f) = 4*f**2 + f + 6. Let u be z(-2). What is the greatest common divisor of 10 and u?
10
Let a(u) = 9*u + 6. Let p be a(10). Calculate the greatest common divisor of p and 12.
12
Let k = -3 + 8. Let w(h) = h**3 + h**2 + h + 3. Let u be w(0). Suppose k*z = -5*s + 40, 5*z = 5*s + 77 + u. Calculate the greatest common factor of z and 108.
12
Let d = 23 - 13. What is the greatest common factor of 70 and d?
10
Let s = 22 + -32. Let q = 12 + s. Calculate the greatest common divisor of 2 and q.
2
Suppose -m = -3*m - 6. Let b be 2/m*(-258)/4. Suppose 4*k - b = -4*o + 3*k, 41 = 4*o + 3*k. What is the greatest common divisor of 88 and o?
11
Suppose 10 + 8 = 3*r. Let j be 8/r*81/2. Calculate the highest common factor of j and 9.
9
Suppose -102 = -d - 0*c - 4*c, 3*c + 446 = 4*d. Calculate the greatest common divisor of 22 and d.
22
Suppose m = 2*y - 14, -4*y = 5*m - 12 - 2. Let k be y/27 + (-716)/(-18). What is the greatest common factor of 8 and k?
8
Suppose 3*i + 2 = -4*w, -10 = 2*i - 6*i + w. Let r = 10 + i. What is the highest common factor of r and 132?
12
Let a be 4/6 - 14/(-6). Suppose 2*o = a*o - 1. Suppose -6 = -5*h + 9. What is the highest common divisor of o and h?
1
Let k = 15 - -7. Let l(a) = 10*a + 3. Let i be l(3). Calculate the greatest common factor of k and i.
11
Let j(f) = -f**2 - 2 + 1 - f**3 + f - 3*f + 0. Let k be j(-2). Calculate the greatest common factor of k and 77.
7
Suppose -4*s - 33 = -5*s. Suppose 0 = 2*u 